{"id":1086,"date":"2013-11-11T00:38:22","date_gmt":"2013-11-11T00:38:22","guid":{"rendered":"http:\/\/www.laposadadelosgnomos.com.ar\/laposada\/?page_id=1086"},"modified":"2025-02-20T14:39:06","modified_gmt":"2025-02-20T14:39:06","slug":"tarifas","status":"publish","type":"page","link":"http:\/\/www.laposadadelosgnomos.com.ar\/laposada\/tarifas\/","title":{"rendered":"Tarifas"},"content":{"rendered":"<p>Las tarifas publicadas son en pesos argentinos y por persona. Incluye impuestos y servicios de cada unidad, excepto el servicio de Direct TV que tendr\u00e1 un peque\u00f1o recargo a la tarifa final.<\/p>\n<h2><strong>1 Persona: $33000<\/strong><br \/>\n<strong>2 Personas: $48000<\/strong><br \/>\n<strong>3 Personas: $59000<\/strong><br \/>\n<strong>4 Personas: $68000<\/strong><br \/>\n<strong>5 Personas: $81000<\/strong><\/h2>\n<p>PROMOCI\u00d3N: Si su estad\u00eda es mayor de 3 d\u00edas, le hacemos un 10% de descuento.<\/p>\n","protected":false},"excerpt":{"rendered":"<p>Las tarifas publicadas son en pesos argentinos y por persona. Incluye impuestos y servicios de cada unidad, excepto el servicio de Direct TV que tendr\u00e1 un peque\u00f1o recargo a la tarifa final. 1 Persona: $33000 2 Personas: $48000 3 Personas: $59000 4 Personas: $68000 5 Personas: $81000 PROMOCI\u00d3N: Si su estad\u00eda es mayor de 3 [&hellip;]<\/p>\n","protected":false},"author":1,"featured_media":0,"parent":0,"menu_order":0,"comment_status":"open","ping_status":"open","template":"","meta":{"footnotes":""},"class_list":["post-1086","page","type-page","status-publish","hentry"],"_links":{"self":[{"href":"http:\/\/www.laposadadelosgnomos.com.ar\/laposada\/wp-json\/wp\/v2\/pages\/1086"}],"collection":[{"href":"http:\/\/www.laposadadelosgnomos.com.ar\/laposada\/wp-json\/wp\/v2\/pages"}],"about":[{"href":"http:\/\/www.laposadadelosgnomos.com.ar\/laposada\/wp-json\/wp\/v2\/types\/page"}],"author":[{"embeddable":true,"href":"http:\/\/www.laposadadelosgnomos.com.ar\/laposada\/wp-json\/wp\/v2\/users\/1"}],"replies":[{"embeddable":true,"href":"http:\/\/www.laposadadelosgnomos.com.ar\/laposada\/wp-json\/wp\/v2\/comments?post=1086"}],"version-history":[{"count":31,"href":"http:\/\/www.laposadadelosgnomos.com.ar\/laposada\/wp-json\/wp\/v2\/pages\/1086\/revisions"}],"predecessor-version":[{"id":1188,"href":"http:\/\/www.laposadadelosgnomos.com.ar\/laposada\/wp-json\/wp\/v2\/pages\/1086\/revisions\/1188"}],"wp:attachment":[{"href":"http:\/\/www.laposadadelosgnomos.com.ar\/laposada\/wp-json\/wp\/v2\/media?parent=1086"}],"curies":[{"name":"wp","href":"https:\/\/api.w.org\/{rel}","templated":true}]}}