{"id":2,"date":"2012-04-27T03:39:17","date_gmt":"2012-04-27T03:39:17","guid":{"rendered":"http:\/\/www.laposadadelosgnomos.com.ar\/laposada\/?page_id=2"},"modified":"2017-02-18T20:45:03","modified_gmt":"2017-02-18T20:45:03","slug":"laposadadelosgnomos","status":"publish","type":"page","link":"http:\/\/www.laposadadelosgnomos.com.ar\/laposada\/laposadadelosgnomos\/","title":{"rendered":"La Posada de los Gnomos"},"content":{"rendered":"<p><iframe loading=\"lazy\" src=\"https:\/\/www.youtube.com\/embed\/so6aigkB6lk\" width=\"640\" height=\"400\" frameborder=\"0\" allowfullscreen=\"allowfullscreen\"><\/iframe><br \/>\nA 100 km de la ciudad de ESQUEL, en la zona central del oeste cordillerano de la provincia de Chubut, se encuentra \u00abLa Posada de los Gnomos\u00bb, en la localidad de CORCOVADO. Ofrece un entorno insuperable, t\u00edpico de una villa de monta\u00f1a, para las actividades de pesca, rafting y observaci\u00f3n de la naturaleza por la calidad ambiental de la zona. Bienvenidos a nuestra posada, pongas\u00e9 comodo y descanse rodeado del hermoso entorno que la madre naturaleza nos regala.<\/p>\n<p>La Posada de los Gnomos se encuentra ubicada a metros de la plaza central de la localidad, a escasos metros de la Terminal de \u00f3mnibus, en pleno coraz\u00f3n del pueblo de Corcovado. Aqu\u00ed podr\u00e1 encontrar amplios y c\u00e1lidos ambientes de excelencia, y servicio personalizado que lo invitan a disfrutar a pleno de este lugar paradis\u00edaco en\u00a0plena patagonia extrema.<\/p>\n<p>Nuestro complejo consta de 9 (nueve) caba\u00f1as, totalmente equipadas para 4 personas, con todo lo necesario para disfrutar de momentos inolvidables. Posee 2 habitaciones en planta alta, ba\u00f1o completo y un estar comedor con barra y cocina completa.<br \/>\nLa administraci\u00f3n recibir\u00e1 todos los mensajes mientras Ud., no esta, como as\u00ed tambi\u00e9n dar\u00e1 respuesta a todas sus necesidades mientras dure su estad\u00eda en\u00a0la Posada.<\/p>\n","protected":false},"excerpt":{"rendered":"<p>A 100 km de la ciudad de ESQUEL, en la zona central del oeste cordillerano de la provincia de Chubut, se encuentra \u00abLa Posada de los Gnomos\u00bb, en la localidad de CORCOVADO. Ofrece un entorno insuperable, t\u00edpico de una villa de monta\u00f1a, para las actividades de pesca, rafting y observaci\u00f3n de la naturaleza por la [&hellip;]<\/p>\n","protected":false},"author":1,"featured_media":0,"parent":0,"menu_order":0,"comment_status":"open","ping_status":"open","template":"","meta":{"footnotes":""},"class_list":["post-2","page","type-page","status-publish","hentry"],"_links":{"self":[{"href":"http:\/\/www.laposadadelosgnomos.com.ar\/laposada\/wp-json\/wp\/v2\/pages\/2"}],"collection":[{"href":"http:\/\/www.laposadadelosgnomos.com.ar\/laposada\/wp-json\/wp\/v2\/pages"}],"about":[{"href":"http:\/\/www.laposadadelosgnomos.com.ar\/laposada\/wp-json\/wp\/v2\/types\/page"}],"author":[{"embeddable":true,"href":"http:\/\/www.laposadadelosgnomos.com.ar\/laposada\/wp-json\/wp\/v2\/users\/1"}],"replies":[{"embeddable":true,"href":"http:\/\/www.laposadadelosgnomos.com.ar\/laposada\/wp-json\/wp\/v2\/comments?post=2"}],"version-history":[{"count":58,"href":"http:\/\/www.laposadadelosgnomos.com.ar\/laposada\/wp-json\/wp\/v2\/pages\/2\/revisions"}],"predecessor-version":[{"id":1152,"href":"http:\/\/www.laposadadelosgnomos.com.ar\/laposada\/wp-json\/wp\/v2\/pages\/2\/revisions\/1152"}],"wp:attachment":[{"href":"http:\/\/www.laposadadelosgnomos.com.ar\/laposada\/wp-json\/wp\/v2\/media?parent=2"}],"curies":[{"name":"wp","href":"https:\/\/api.w.org\/{rel}","templated":true}]}}